 9
-117458
-a776eb (base 15) to base 8
-36324711
Convert 2012631 (base 8) to base 6.
15204505
What is 1154562 (base 8) in base 10?
317810
Convert -11011000011010110100 (base 2) to base 4.
-3120122310
-20976 (base 14) to base 4
-103031230
Convert 2121100002 (base 3) to base 8.
144113
Convert 158d7 (base 15) to base 9.
115304
Convert -555350 (base 6) to base 2.
-1011010111110010
What is 1356333 (base 7) in base 3?
100021002000
What is 45769 (base 15) in base 7?
1610313
Convert -40242321 (base 5) to base 4.
-1032200302
What is 15863021 (base 9) in base 14?
10b0a4a
What is 202331 (base 11) in base 14?
866db
a8dbc (base 15) to base 5
114130402
Convert -664560 (base 8) to base 2.
-110110100101110000
What is 280133 (base 11) in base 9?
738647
What is -1111011200112 (base 3) in base 12?
-321728
Convert -e67297 (base 15) to base 2.
-101001110011100101110001
1100110001110101010 (base 2) to base 13
118790
Convert -102201200210200 (base 3) to base 8.
-27616677
2751433 (base 9) to base 10
1510113
Convert 101001001000010100110 (base 2) to base 5.
321112000
What is -21222000120 (base 3) in base 7?
-1221666
9334 (base 13) to base 11
142a6
2532253 (base 8) to base 7
5651341
-2317353 (base 8) to base 6
-21303003
15202030 (base 7) to base 14
299017
Convert -1002322132 (base 4) to base 6.
-5512514
Convert 57e83a (base 15) to base 9.
7811721
-42301212 (base 6) to base 15
-196655
What is 4b04 (base 16) in base 2?
100101100000100
11000010110001001100101 (base 2) to base 9
13006632
Convert -1ad457 (base 15) to base 6.
-44031014
-2430434422 (base 5) to base 9
-11674687
What is 1675642 (base 10) in base 7?
20146153
Convert -36205263 (base 7) to base 3.
-20001012000210
What is -96e15 (base 16) in base 7?
-5152523
Convert -21123 (base 9) to base 15.
-4203
Convert -8585617 (base 9) to base 3.
-22122212200121
What is 49a81 (base 14) in base 4?
230003101
What is 341030031 (base 5) in base 2?
101101110101011000011
-db12 (base 14) to base 11
-26484
Convert -1643341 (base 14) to base 8.
-51516155
What is -11100012100102 (base 3) in base 13?
-629c9c
Convert 607cb0 (base 13) to base 15.
2e5423
What is -101011001010101101 (base 2) in base 16?
-2b2ad
What is -b9055 (base 14) in base 6?
-13331015
-12133220201 (base 4) to base 2
-110011111101000100001
Convert 43437 (base 11) to base 12.
30609
What is -730122 (base 8) in base 3?
-110021121120
-22544222 (base 7) to base 12
-7b4485
What is -15312425 (base 6) in base 5?
-114212213
16142436 (base 8) to base 12
12b507a
Convert 101001110100110010000 (base 2) to base 11.
856760
-2371398 (base 10) to base 16
-242f46
Convert 102120011220 (base 3) to base 16.
378fc
-11441201 (base 5) to base 14
-2b9a6
What is 210110211122 (base 3) in base 13?
11a527
-101251333 (base 6) to base 4
-12222322221
-24059 (base 11) to base 12
-18092
23a9565 (base 11) to base 7
50401105
Convert -100729 (base 16) to base 14.
-1d4b33
-1729585 (base 10) to base 16
-1a6431
Convert 207686 (base 10) to base 2.
110010101101000110
Convert 120334342 (base 7) to base 11.
4243133
Convert 2253113 (base 6) to base 7.
662205
Convert -a3343 (base 12) to base 14.
-578c3
What is -212031221021 (base 4) in base 9?
-20757202
What is 474 (base 10) in base 5?
3344
What is -457c2d (base 14) in base 6?
-122404545
Convert -1060661 (base 7) to base 9.
-221542
Convert 20213022332 (base 4) to base 6.
120215502
Convert -45b2b (base 12) to base 8.
-266023
-110010101010000010 (base 2) to base 7
-1522633
What is -26301b (base 12) in base 11?
-399321
What is da3723 (base 14) in base 2?
11100001011000110100011
4402514 (base 6) to base 15
44a6a
What is d337 (base 14) in base 9?
54723
Convert -100164 (base 9) to base 11.
-40518
Convert -3131033 (base 5) to base 11.
-3609a
Convert -9140838 (base 11) to base 12.
-54b6681
Convert -c2ca6 (base 16) to base 2.
-11000010110010100110
What is -59241 (base 12) in base 2?
-11101001100010001
Convert -b60929 (base 16) to base 12.
-3bb3a61
What is 1101202022010 (base 3) in base 2?
10110101011010011110
-1004437 (base 8) to base 7
-2151035
1953669 (base 10) to base 11
1114903
Convert -1593795 (base 13) to base 12.
-23b0b63
10000011001100011000100 (base 2) to base 4
100121203010
What is a4540 (base 15) in base 11?
326428
What is 1011001000101011 (base 2) in base 5?
2424421
What is 10100111001000111 (base 2) in base 7?
504330
What is 164020 (base 12) in base 15?
779a9
What is 20223041 (base 5) in base 2?
101000000100110010
Convert 57031615 (base 8) to base 10.
12333965
-47263 (base 12) to base 13
-34569
What is 5163231 (base 7) in base 10?
620607
2609385 (base 10) to base 11
1522519
What is -21567576 (base 8) in base 4?
-101232331332
Convert 17052 (base 14) to base 4.
32011200
What is -116c2 (base 15) in base 9?
-84152
Convert -4534171 (base 8) to base 4.
-10223201321
Convert -91679 (base 10) to base 11.
-62975
Convert 10643668 (base 9) to base 14.
986a54
Convert -6b7856 (base 12) to base 2.
-110100111011100000010
2140422 (base 5) to base 10
36987
Convert -11401235 (base 6) to base 15.
-71122
What is 92199 (base 10) in base 5?
10422244
Convert 4377c (base 14) to base 11.
101826
Convert -244433 (base 8) to base 7.
-500426
Convert -27700303 (base 9) to base 6.
-1205344050
-95a88 (base 11) to base 9
-232605
Convert 1738676 (base 11) to base 7.
34053054
-540122 (base 7) to base 11
-64446
1020110202221211 (base 3) to base 9
36422854
-32311323 (base 4) to base 8
-166573
567932 (base 10) to base 11
358772
What is -84339 (base 10) in base 12?
-40983
Convert 3841b14 (base 13) to base 4.
1003001111000
Convert -11210222222 (base 3) to base 9.
-153888
What is -11212002100 (base 3) in base 13?
-3465c
-3314220 (base 7) to base 5
-101013003
Convert -1d536 (base 14) to base 5.
-4400431
-5412438 (base 10) to base 5
-2341144223
Convert -1514451 (base 6) to base 9.
-143474
What is -32348 (base 15) in base 9?
-262545
-8230685 (base 10) to base 4
-133121130131
What is 1832 (base 13) in base 3?
11220222
101111010001011001011 (base 2) to base 14
2c4711
10102103022 (base 4) to base 12
462236
aa727 (base 16) to base 2
10101010011100100111
12db54 (base 16) to base 2
100101101101101010100
Convert -103014023 (base 6) to base 11.
-1034795
Convert 212314442 (base 5) to base 4.
3130001333
Convert -69cb06 (base 13) to base 9.
-4650212
Convert -3087114 (base 9) to base 13.
-45ac27
5b813 (base 14) to base 12
a9661
What is -1122221122120 (base 3) in base 15?
-127236
42313444 (base 5) to base 7
3003540
What is -54ba7 (base 12) in base 11?
-77414
Convert -132152 (base 8) to base 10.
-46186
Convert -112021230201 (base 4) to base 7.
-100233453
What is 25187275 (base 9) in base 6?
1120253405
Convert -100101000011011100011111 (base 2) to base 11.
-553493a
What is 101211112200012 (base 3) in base 9?
11745605
What is 3056050 (base 7) in base 5?
43221140
Convert 1551251 (base 6) to base 15.
1c55a
Convert -17441 (base 16) to base 7.
-544556
-2435824 (base 9) to base 3
-2111012220211
What is 10001101110101010101110 (base 2) in base 9?
8663267
What is -213237 (base 8) in base 14?
-1bdcb
Convert 4ca4c0 (base 14) to base 3.
11222011022222
What is -1101011110111111 (base 2) in base 10?
-55231
201000 (base 10) to base 3
101012201110
-1520551 (base 6) to base 11
-60409
-9022030 (base 10) to base 14
-12abcaa
-1557402 (base 11) to base 6
-133002000
Convert bc5983 (base 13) to base 15.
5ca663
Convert 1aa848 (base 12) to base 10.
474680
Convert 324343 (base 6) to base 13.
c339
What is 6773 (base 16) in base 12?
133ab
What is 1414234 (base 6) in base 13?
2a55c
Convert -1b0431 (base 14) to base 6.
-32334043
-4883810 (base 9) to base 11
-1552672
-10022212221 (base 3) to base 13
-23a97
Convert -1206367 (base 11) to base 16.
-201345
58bac2 (base 14) to base 16
2e371a
-1438262 (base 9) to base 7
-6513014
What is -211432143 (base 5) in base 16?
-d9349
What is 844603 (base 11) in base 5?
321244100
29902 (base 16) to base 15
35697
-11110101101101010101000 (base 2) to base 6
-444322504
Convert 1101110101010101100 (base 2) to base 9.
760717
What is -221120422 (base 5) in base 15?
-13db0c
Convert 445508 (base 9) to base 3.
111112120022
-424a3 (base 12) to base 9
-142426
What is 156569 (base 10) in base 11?
a76a6
What is -5221531 (base 8) in base 5?
-323312210
Convert 985038 (base 10) to base 15.
146ce3
3503130 (base 6) to base 16
2b